e u = -1829 + d. Is u composite?
True
Is 12/(-306) + (-64402408)/(-408) a composite number?
True
Suppose -2*f - 6*h + 2*h + 84542 = 0, 3*h = 2*f - 84528. Suppose -s - f = -2*t - 6*s, 84504 = 4*t + 4*s. Is t prime?
True
Let p(w) = -w**2 + w + 75. Let v be p(-8). Suppose -v*a + 14002 - 2461 = -4*x, -2*x = 0. Is a prime?
True
Suppose a + 3*u - 8 = 0, a - 2*a - u + 4 = 0. Is 18345*6/36*a a composite number?
True
Suppose -4*o + 200779 = s, -14*s + 13*s = o - 50194. Is o prime?
False
Suppose -4*k + 19510 = 2*z, -10*z + 5*k + 9741 = -9*z. Suppose -8*i + 2*v = -4*i - 19478, 2*i = -3*v + z. Is i composite?
False
Let f(w) = 20*w + 13. Let k be f(6). Let s(v) = -v**3 - 12*v**2 - 9*v + 38. Let y be s(-13). Let x = y - k. Is x prime?
True
Suppose 290*d = 1254904 + 9171466. Is d composite?
True
Suppose 0 = 8*b - 338 + 874. Let i = b - -73. Suppose u - i*u = -1115. Is u composite?
False
Suppose 0*x = x - 2. Suppose 0 = -f - 3*r + 272, x*r + 1300 = 5*f - 3*r. Is f prime?
True
Let f = 34599 - 16070. Is f a composite number?
True
Let a be 63 - (-4 - 0)/(-4). Suppose -r - 433 - a = 0. Let g = r - -988. Is g a composite number?
True
Suppose -2678 = -5*b + 17. Suppose -2*m - 24*m - 286 = -13*m. Let x = b + m. Is x a prime number?
False
Suppose -6*f = -5523223 - 121583. Is f a prime number?
True
Suppose 3*g - 35 = 4. Suppose 2563 = g*a - 2*a. Is a a prime number?
True
Suppose 0 = -2*s - 10852 + 42362. Suppose -41*p = -36*p - s. Is p prime?
False
Let n = -22987 + 43270. Is n prime?
False
Is (-4)/(144/(-30)) - 32476129/(-6) prime?
True
Let c(d) = 129*d**3 - 11*d**2 + 51*d - 236. Is c(7) composite?
True
Let n = 111732 + -79591. Is n a prime number?
True
Let c(b) = -b**3 + 78*b**2 - 694*b - 83. Is c(66) a prime number?
False
Let i = 16280 + -7927. Is i a prime number?
True
Suppose g + 55 = -4*x - 0*g, 4*x + 54 = -2*g. Is (-1)/(-2) + (-22981)/x prime?
False
Suppose -82*m + 1465990 = -1404912. Is m composite?
True
Let t = -33 - -27. Let n(l) = -600*l**2 + 7*l. Let o(s) = -s. Let i(m) = t*o(m) - n(m). Is i(1) a prime number?
True
Let w(d) = -9*d**2 + d + 1. Let z(i) = -4*i**2. Let v(y) = 3*w(y) - 7*z(y). Let t be v(2). Suppose t*f - 7737 = 10*f. Is f prime?
True
Is 4/(-18) - (-20 + (-2052303)/27) prime?
True
Suppose -17*k + g + 339628 = -12*k, -3*g = 4*k - 271729. Is k a prime number?
True
Let g(q) = 10*q**2 + 207*q - 9. Is g(44) prime?
False
Is -97604*220/(-560) - (-4)/7 prime?
False
Let j = 1780684 + -1073817. Is j prime?
False
Let w = -12120 - -12125. Let z = -8 - -11. Suppose -z*i = -w*i + 3922. Is i a prime number?
False
Let t = -5907 - -8627. Suppose 0 = -5*w + 15, -4*u - t = -8*u - 4*w. Is u prime?
True
Suppose -2*z = -3*q + 30 + 37, 0 = -2*z - 3*q - 85. Let i = z + 38. Suppose -n - 5*x = -i*x - 3, 5*n - 15 = 3*x. Is n prime?
True
Suppose 2*z = 5995 + 19557. Let g = 258 - 252. Suppose g*j - z = 6202. Is j a composite number?
False
Suppose -8758237 = -28*f - 90*f - 320883. Is f a prime number?
True
Let w(d) = d**3 + 7*d**2 + 7*d + 2. Let y be w(-6). Let z be (6/4 - 1)/((-10)/(-160)). Is ((-5324)/3)/y + z/(-12) a prime number?
True
Suppose -4*j = -2*j + 10. Let m(p) = 608*p - 103. Let c(s) = 610*s - 87. Let i(a) = -7*c(a) + 6*m(a). Is i(j) a composite number?
True
Let r(k) = 1262*k - 37. Let a(b) = -b**2 - 39*b - 321. Let s be a(-27). Is r(s) a prime number?
False
Let b = -2973692 - -1012980. Is (-2)/(-7) + (16 - b/56) a prime number?
False
Let a = 550 - 290. Suppose -3615 = -a*q + 255*q. Is q a prime number?
False
Let s = 54186 + -22805. Is s a prime number?
False
Suppose 0*k + 2*k = -28. Let c = k - -17. Suppose -c*w = -322 - 425. Is w a composite number?
True
Let z(k) = -5*k - 57. Let u be z(-12). Suppose 2*t + 0*r - 10825 = -u*r, -10817 = -2*t + 5*r. Is t composite?
True
Let l be (6 - (-63)/2)/(1/4). Is 45/l + 484934/20 a composite number?
False
Let o(z) = -62*z - 244. Let i be o(-4). Suppose -7*v - 74 = -3*v + 5*a, -4*v = -2*a + 60. Is (i + 12/v)*(-1 + 69) a prime number?
False
Let n be (-2035)/(-111)*6/5. Suppose n*j - 17*j - 416 = -4*h, -2*h + 222 = -j. Is h prime?
True
Suppose -11*t = -25*t + 84. Let h be ((-2)/t)/((16 - 8)/(-96)). Is 1*(-5 + 657)/h a composite number?
False
Let t(o) = -6*o**3 + 11*o**2 + 31*o + 115. Is t(-14) prime?
True
Suppose -2*b - 44*s + 327050 = -42*s, 2*b - 4*s = 327038. Is b a prime number?
False
Let p = -236 + 234. Is (3252 + -1)/(6/2 + p) a composite number?
False
Let w be ((-24)/30 + 0)*(-10)/4. Let x(a) = 14*a**2 - 3*a**2 + 17 + w*a - 8*a**2. Is x(10) a prime number?
True
Let c = 144 + 954. Suppose -2*k + g = c - 2778, 4*g + 847 = k. Is k a prime number?
True
Let n(o) = 51*o + 8. Let l be 10 - ((-5)/3 - (-6)/(-18)). Suppose -u - 3*u + l = 0. Is n(u) composite?
True
Let x(v) = -959*v - 36. Let a(m) = 4. Let o(s) = 8*a(s) + x(s). Let c(u) = u - 1. Let w be c(0). Is o(w) a prime number?
False
Let w(q) = 786*q + 3. Let r(d) = 3*d - 2. Let x(t) = 6*r(t) + 3*w(t). Suppose -2*z + 0*z + 4 = 0. Is x(z) composite?
True
Suppose -2209082 = -4*w + 2*k - 743550, w - k - 366381 = 0. Is w a composite number?
True
Suppose 0 = -1287*y + 560*y + 13512749. Is y composite?
False
Suppose 230*t - 305*t = -71835825. Is t composite?
False
Let q be (3/4 - 2)*-4. Suppose -5*b - q*p = -88 - 12, -4*p = -2*b + 10. Is (-67602)/(-90) - 2/b a composite number?
False
Let b = 3667 + 5240. Suppose -5*c - 12469 = -2*w, -3*c - b = -w - 2675. Is w a composite number?
False
Let c = 483 - 481. Suppose 0 = 9*t - 8*t + 4*i - 5575, c = -2*i. Is t prime?
False
Suppose 0 = 5*r + 3*q + 32937, 3*r + 0*r + 3*q + 19767 = 0. Let m = -2639 - r. Is m prime?
False
Let n(v) = 10*v**2 + 2*v - 13. Let m be n(-9). Suppose m = -2*c + 2305. Is c a prime number?
False
Let x = 124 - 122. Suppose x*d - 7695 = 3631. Is d a composite number?
True
Let r(v) be the first derivative of -3*v**4/4 + 5*v**3/3 - 11*v**2/2 + 2*v - 55. Is r(-5) a prime number?
True
Suppose 142934 = b + 3*f + 32062, 4*b - 3*f = 443443. Is b a composite number?
False
Suppose h - 5*h + 4 = 4*s, 0 = -4*s - 3*h + 3. Suppose 13232 = -14*r + 16*r - 3*w, s = -5*r + 5*w + 33085. Is r prime?
True
Let w = 206 - 2135. Let x(q) = 463*q**3 - 3*q**2 + 15*q + 17. Let t be x(-1). Let n = t - w. Is n a prime number?
False
Let y be (-385)/(-14)*348/(-10). Let r = -250 - y. Is r a prime number?
False
Suppose -2*g = -5*g + 9. Let u(j) = 164*j + 217. Is u(g) composite?
False
Let d(l) = 3*l + 23. Let w = 44 - 53. Let n be d(w). Is (2/(-6))/(n/21516) prime?
False
Suppose 0 = -4*q + k + 979773, q - 3*k - 279988 = -35042. Is q composite?
False
Let u = 4554 - -5389. Is u a prime number?
False
Is ((-9 - -6) + 542880)*5/15 a prime number?
True
Let g = -847 + -387. Let z = 2886 + g. Suppose 6*v - 2*v = z. Is v composite?
True
Suppose -130 = 10*d - 150. Suppose -2278 = -d*r + 1668. Is r composite?
False
Suppose -43*l + 67*l = 1081991 + 340321. Is l prime?
True
Suppose -60704577 = 136*d - 204768697. Is d composite?
True
Let p(k) = 7*k**3 - 2*k - 26991. Let g(t) = -2*t**3 - t**2 + t - 2. Let q(i) = -3*g(i) - p(i). Is q(0) prime?
False
Is -3*3/54 + 3 + (-12635292)/(-72) composite?
False
Suppose 3*q = -5*f + 28 + 32, 12 = -4*f. Suppose 24*l - 2 = q*l. Is 12573/18 + 2/4 - l a composite number?
False
Suppose 4*s = 623 - 215. Let r = -146 + s. Is r/(-16) + -3 - 20026/(-8) a composite number?
False
Let i = 21480 - 14695. Suppose o + 4*p + 10 = 0, -3*o + 5*p + 1 = -3. Is 4 - i/(10/o) prime?
True
Let i be 3042/8*(-5 - -1). Let n = 2486 + i. Is n prime?
False
Suppose 6*h + 14824 - 54496 = 0. Suppose -2*u + 11746 = -h. Is u a composite number?
True
Let r(p) = 803*p**2 + 70*p - 14. Is r(-9) composite?
False
Let n(v) = -v**2 + 169*v - 431. Is n(76) a prime number?
True
Let t(d) = 4*d + 3. Let u be t(-2). Let s = u - -8. Suppose -5*l + 4670 = 4*a + a, s*a - 2*l = 2817. Is a a composite number?
False
Suppose -2*t - t = -3, -t + 10123 = 3*z. Let q(u) = 63*u**2 + 188*u - 7. Let b be q(4). Let l = z - b. Is l prime?
True
Let h = 90 - 80. Let y(b) = 3*b**2 + 10*b + 9. Is y(h) composite?
False
Let m(q) be the second derivative of -31*q**3/2 + 5*q**2/2 - 7*q. Let p be 0/1 - 1 - 1. Is m(p) prime?
True
Let a = 601 + -609. Let f(v) = 12*v - 26 - 28*v - 44*v. Is f(a) prime?
False
Suppose 10*n = 11*n - 2. Suppose n*z = -d - 12, -4*d + 2*z = -z - 7. Is (211/d)/(19/(-38)) a